{"id":358,"date":"2019-07-10T14:40:32","date_gmt":"2019-07-10T14:40:32","guid":{"rendered":"https:\/\/themes.getmotopress.com\/luviana\/?page_id=358"},"modified":"2025-07-04T13:30:31","modified_gmt":"2025-07-04T13:30:31","slug":"offers","status":"publish","type":"page","link":"https:\/\/gebetshaus.leben-teilen.de\/?page_id=358","title":{"rendered":"Weitere Angebote"},"content":{"rendered":"\n<p>Im Gebetshaus sind weitere Referenten zu Gast, die unser Seminarprogramm bereichern. Weiter finden Sie hier Informationen \u00fcber unsere Gebetstage und weitere Veranstaltungen.<\/p>\n\n\n\n<!--more-->\n\n\n\n<div class=\"wp-block-columns is-layout-flex wp-container-core-columns-is-layout-9d6595d7 wp-block-columns-is-layout-flex\">\n<div class=\"wp-block-column is-layout-flow wp-block-column-is-layout-flow\" style=\"flex-basis:100%\"><\/div>\n<\/div>\n\n\n\n<div class=\"wp-block-getwid-section alignfull alignfull getwid-margin-top-none getwid-margin-bottom-none\"><div class=\"wp-block-getwid-section__wrapper getwid-padding-top-none getwid-padding-bottom-none getwid-padding-left-medium getwid-padding-right-medium getwid-padding-mobile-left-small getwid-padding-mobile-right-small\"><div class=\"wp-block-getwid-section__inner-wrapper\"><div class=\"wp-block-getwid-section__background-holder\"><div class=\"wp-block-getwid-section__background\" style=\"background-image:url('http:\/\/gebetshaus.leben-teilen.de\/wp-content\/uploads\/2025\/07\/6.png')\"><div class=\"wp-block-getwid-section__background-image-wrapper\"><img decoding=\"async\" class=\"wp-block-getwid-section__background-image\" src=\"http:\/\/gebetshaus.leben-teilen.de\/wp-content\/uploads\/2025\/07\/6.png\" alt=\"\"\/><\/div><\/div><div class=\"wp-block-getwid-section__foreground\"><\/div><\/div><div class=\"wp-block-getwid-section__content\"><div class=\"wp-block-getwid-section__inner-content\">\n<div class=\"wp-block-getwid-section\" style=\"margin-top:-60px;margin-bottom:-60px\"><div class=\"wp-block-getwid-section__wrapper getwid-padding-left-normal getwid-padding-right-normal getwid-margin-tablet-right-none\" style=\"margin-right:50%;padding-top:109px;padding-bottom:110px\"><div class=\"wp-block-getwid-section__inner-wrapper\"><div class=\"wp-block-getwid-section__background-holder\"><div class=\"wp-block-getwid-section__background has-background has-blue-background-color\"><\/div><div class=\"wp-block-getwid-section__foreground\" style=\"background-image:url('http:\/\/gebetshaus.leben-teilen.de\/wp-content\/uploads\/2019\/07\/image_testimonials.png');background-position:top left;background-size:auto\"><\/div><\/div><div class=\"wp-block-getwid-section__content\"><div class=\"wp-block-getwid-section__inner-content\">\n<div style=\"margin-bottom:0px\" class=\"wp-block-getwid-icon alignfull is-aligned-center\"><div class=\"wp-block-getwid-icon__wrapper has-text-color has-white-color\" style=\"font-size:61px;padding:0px\"><i class=\"fas fa-cross\"><\/i><\/div><\/div>\n\n\n\n<div class=\"wp-block-getwid-advanced-heading has-custom-font-size\" style=\"font-size:31px;margin-bottom:40px\"><h3 class=\"wp-block-getwid-advanced-heading__content has-text-color has-white-color\">Geheimnis des Kreuzes<\/h3><\/div>\n\n\n\n<p class=\"has-white-color has-text-color has-link-color wp-elements-f3d161d9c811efa5124ed465f90fbd0e\">Gott ist Geist, und die ihn anbeten, die m\u00fcssen ihn im Geist und Wahrheit anbeten. (Joh. 4, 24)<\/p>\n\n\n\n<p class=\"has-white-color has-text-color has-link-color wp-elements-242203d4f678efb49eb4bbe6c39b21f3\">Die Bibel spricht von der Notwendigkeit eines erneuerten Denkens und eines neuen Herzens, um das h\u00f6chste Gebot der Liebe zu erf\u00fcllen. Gegr\u00fcndet auf das Wort Gottes und seine Zuwendung zu uns durch Jesus Christus soll eine tiefe Erneuerung des Wesens m\u00f6glich werden. Negative Gedanken, destruktive Gef\u00fchle und Verhaltensweisen sollen erkannt und ver\u00e4ndert werden.<\/p>\n<\/div><\/div><\/div><\/div><\/div>\n<\/div><\/div><\/div><\/div><\/div>\n\n\n\n<div class=\"wp-block-getwid-section alignfull alignfull getwid-margin-top-none getwid-margin-bottom-none getwid-section-content-full-width\"><div class=\"wp-block-getwid-section__wrapper getwid-padding-top-none getwid-padding-bottom-normal getwid-padding-left-medium getwid-padding-right-medium getwid-padding-mobile-left-small getwid-padding-mobile-right-small\"><div class=\"wp-block-getwid-section__inner-wrapper\"><div class=\"wp-block-getwid-section__background-holder\"><div class=\"wp-block-getwid-section__background\"><\/div><div class=\"wp-block-getwid-section__foreground\"><\/div><\/div><div class=\"wp-block-getwid-section__content\"><div class=\"wp-block-getwid-section__inner-content\">\n<div class=\"wp-block-columns has-3-columns is-layout-flex wp-container-core-columns-is-layout-9d6595d7 wp-block-columns-is-layout-flex\">\n<div class=\"wp-block-column is-layout-flow wp-block-column-is-layout-flow\">\n<div class=\"wp-block-getwid-icon-box has-text-center\"><div style=\"margin-bottom:0px\" class=\"wp-block-getwid-icon-box__icon-container is-position-top\"><div class=\"wp-block-getwid-icon-box__icon-wrapper has-text-color has-blue-color\" style=\"font-size:60px;padding:0px\"><i class=\"fas fa-praying-hands\"><\/i><\/div><\/div><div class=\"wp-block-getwid-icon-box__content\">\n<p>Leitung: Dr. Walter T. Penzhorn<\/p>\n\n\n\n<p>Gemeinsam wollen wir die tiefere Bedeutung dieser Mysterien ersuchen und die darin enthaltenen<\/p>\n\n\n\n<div class=\"wp-block-columns is-layout-flex wp-container-core-columns-is-layout-9d6595d7 wp-block-columns-is-layout-flex\">\n<div class=\"wp-block-column is-layout-flow wp-block-column-is-layout-flow\">\n<p class=\"has-black-color has-text-color has-link-color wp-elements-3ca4b965334730f3e8805af35bdba53c\">Seminar M2:<\/p>\n\n\n\n<div class=\"wp-block-group alignfull\"><div class=\"wp-block-group__inner-container is-layout-constrained wp-block-group-is-layout-constrained\">\n<ul class=\"wp-block-list\">\n<li>Autorit\u00e4t<\/li>\n\n\n\n<li>Jesus und die Mysterien des Reiches Gottes<\/li>\n\n\n\n<li>Das Geheimnis des Kreuzes<\/li>\n\n\n\n<li>Theologia crucis und theologia gloriae<\/li>\n\n\n\n<li>Der Heilige Geist und das Geheimnis des Kreuzes<\/li>\n\n\n\n<li>Mysterien und der Schl\u00fcssel Davids<\/li>\n\n\n\n<li>Das \u00d6ffnen der Tore der Herrlichkeit<\/li>\n\n\n\n<li>Apostel und Propheten sind Verwalter der Mysterien Gottes<\/li>\n\n\n\n<li>Geheimnis der 7 Gemeinden im Buch der Offenbarung<\/li>\n\n\n\n<li>K\u00f6nige und Priester sind \u00dcberwinder<\/li>\n\n\n\n<li>Der Thron der Herrlichkeit<\/li>\n\n\n\n<li>Mysterien und die Ratschl\u00fcsse Gottes<\/li>\n<\/ul>\n<\/div><\/div>\n\n\n\n<div class=\"wp-block-group\"><div class=\"wp-block-group__inner-container is-layout-constrained wp-block-group-is-layout-constrained\">\n<p>Buchungsanfrage: klicken Sie auf das Datum<\/p>\n<\/div><\/div>\n<\/div>\n<\/div>\n<\/div><\/div>\n\n\n\n<p>Sch\u00e4tze f\u00fcr uns entdecken.<br>CHF 330.00<br>CHF 600.00<br>PENSION<br>Preise pro Person f\u00fcr 3 N\u00e4chte<br>inkl. Vollpension, exkl. Kurtaxe<\/p>\n\n\n\n<div class=\"wp-block-button is-style-link aligncenter\"><a class=\"wp-block-button__link wp-element-button\" href=\"#\">Read more<br><\/a><\/div>\n<\/div>\n\n\n\n<div class=\"wp-block-column is-layout-flow wp-block-column-is-layout-flow\">\n<div class=\"wp-block-getwid-icon-box has-text-center\"><div style=\"margin-bottom:0px\" class=\"wp-block-getwid-icon-box__icon-container is-position-top\"><div class=\"wp-block-getwid-icon-box__icon-wrapper has-text-color has-blue-color\" style=\"font-size:60px;padding:0px\"><i class=\"fas fa-dove\"><\/i><\/div><\/div><div class=\"wp-block-getwid-icon-box__content\">\n<div class=\"wp-block-getwid-advanced-heading\" style=\"margin-bottom:20px\"><h4 class=\"wp-block-getwid-advanced-heading__content\">Seminar Heiligung<\/h4><\/div>\n\n\n\n<p>Gott ist Geist, und die ihn anbeten, die m\u00fcssen ihn im Geist und Wahrheit anbeten. (Joh. 4, 24)<\/p>\n\n\n\n<p>Die Bibel spricht von der Notwendigkeit eines erneuerten Denkens und eines neuen Herzens, um das h\u00f6chste Gebot der Liebe zu erf\u00fcllen. Gegr\u00fcndet auf das Wort Gottes und seine Zuwendung zu uns durch Jesus Christus soll eine tiefe Erneuerung des Wesens m\u00f6glich werden. Negative Gedanken, destruktive Gef\u00fchle und Verhaltensweisen sollen erkannt und ver\u00e4ndert werden.<\/p>\n\n\n\n<p>Reini Kiener<\/p>\n\n\n\n<p>mit dem Team der Gemeinschaft Betsaida <\/p>\n\n\n\n<p>Diese Erneuerung wird als Prozess verstanden, f\u00fcr den praktische, biblische Werkzeuge zur Verf\u00fcgung gestellt werden.<\/p>\n\n\n\n<p>Die eigene Erfahrung eines erneuerten Lebens soll Mut machen, anderen Menschen zu helfen und sie zu ermutigen.<\/p>\n\n\n\n<pre class=\"wp-block-code has-black-color has-text-color has-link-color wp-elements-ec6f11170ea6be4b3eef471806724f5d\"><code>Das biblische Menschen- und Weltbild\n\nDie Heiligung als Schl\u00fcssel zur Entwicklung des Gebets\n\nTraining: Lectio Divina\n\nDo 09. - So 12. Oktober 2025<\/code><\/pre>\n\n\n\n<p>Die Entwicklung des Gebets:<\/p>\n\n\n\n<pre class=\"wp-block-code has-black-color has-text-color has-link-color has-small-font-size wp-elements-4c7649a9544c8b43c19216f24b903bf5\"><code>Das biblische Menschen- und Weltbild\n\nDie Heiligung als Schl\u00fcssel zur Entwicklung des Gebets\n\nTraining: Lectio Divina\n\nDo 09. - So 12. Oktober 2025<\/code><\/pre>\n\n\n\n<p>Buchungsanfrage: klicken Sie auf das Datum<\/p>\n<\/div><\/div>\n\n\n\n<div class=\"wp-block-button is-style-link aligncenter\"><a class=\"wp-block-button__link wp-element-button\" href=\"#\">Read more<\/a><\/div>\n<\/div>\n<\/div>\n<\/div><\/div><\/div><\/div><\/div>\n\n\n\n<div class=\"wp-block-getwid-section alignfull alignfull getwid-margin-top-none getwid-margin-bottom-none\"><div class=\"wp-block-getwid-section__wrapper getwid-padding-top-large getwid-padding-bottom-none getwid-padding-left-medium getwid-padding-right-medium getwid-padding-mobile-left-small getwid-padding-mobile-right-small\"><div class=\"wp-block-getwid-section__inner-wrapper\"><div class=\"wp-block-getwid-section__background-holder\"><div class=\"wp-block-getwid-section__background\"><\/div><div class=\"wp-block-getwid-section__foreground\"><\/div><\/div><div class=\"wp-block-getwid-section__content\"><div class=\"wp-block-getwid-section__inner-content\">\n<div class=\"wp-block-columns has-2-columns is-layout-flex wp-container-core-columns-is-layout-9d6595d7 wp-block-columns-is-layout-flex\">\n<div class=\"wp-block-column is-layout-flow wp-block-column-is-layout-flow\">\n<div class=\"wp-block-getwid-section\"><div class=\"wp-block-getwid-section__wrapper getwid-padding-top-none getwid-padding-bottom-none getwid-padding-left-none getwid-padding-tablet-right-none\" style=\"padding-right:30px\"><div class=\"wp-block-getwid-section__inner-wrapper\"><div class=\"wp-block-getwid-section__background-holder\"><div class=\"wp-block-getwid-section__background\"><\/div><div class=\"wp-block-getwid-section__foreground\"><\/div><\/div><div class=\"wp-block-getwid-section__content\"><div class=\"wp-block-getwid-section__inner-content\">\n<div class=\"wp-block-getwid-advanced-heading is-style-style-1 has-custom-font-size\" style=\"font-size:12px;margin-bottom:10px\"><p class=\"wp-block-getwid-advanced-heading__content\" style=\"text-transform:uppercase;letter-spacing:1px\">Our amenities<\/p><\/div>\n\n\n\n<div class=\"wp-block-getwid-advanced-heading is-style-default\" style=\"margin-bottom:30px\"><h2 class=\"wp-block-getwid-advanced-heading__content\" style=\"text-transform:none;letter-spacing:1px\">Boat Tours<\/h2><\/div>\n\n\n\n<p>A huge variety of yachts for you to choose and to participate in splendid boat tour through the most beautiful bays with breath-taking landscapes &#8211; all these you can get at hour hotel. We provide the most unique activities to diversify your vacation.<\/p>\n\n\n\n<p>To have such a tour all you need is to call receptionist and to inform about your longings. The rest we will organize ourselves for your unforgettable trip!<\/p>\n\n\n\n<div style=\"height:20px\" aria-hidden=\"true\" class=\"wp-block-spacer\"><\/div>\n\n\n\n<div class=\"wp-block-button is-style-default\"><a class=\"wp-block-button__link wp-element-button\" href=\"#\">Read More<\/a><\/div>\n<\/div><\/div><\/div><\/div><\/div>\n<\/div>\n\n\n\n<div class=\"wp-block-column is-layout-flow wp-block-column-is-layout-flow\">\n<div class=\"wp-block-getwid-images-stack is-layout-delta\"><div class=\"wp-block-getwid-images-stack__wrapper\"><div class=\"wp-block-getwid-images-stack__chunk\"><div class=\"wp-block-getwid-images-stack__media-wrapper\"><div class=\"wp-block-getwid-images-stack__media-inner-wrapper\"><img fetchpriority=\"high\" decoding=\"async\" width=\"1024\" height=\"1024\" class=\"wp-block-getwid-images-stack__media wp-image-497\" src=\"https:\/\/themes.getmotopress.com\/luviana\/wp-content\/uploads\/sites\/27\/2019\/07\/boat-tours-3-1024x1024.jpg\" data-id=\"497\" data-link=\"https:\/\/themes.getmotopress.com\/luviana\/luviana-hotel-amenities\/boat-tours-3\/\" srcset=\"https:\/\/gebetshaus.leben-teilen.de\/wp-content\/uploads\/2019\/07\/boat-tours-3-1024x1024.jpg 1024w, https:\/\/gebetshaus.leben-teilen.de\/wp-content\/uploads\/2019\/07\/boat-tours-3-300x300.jpg 300w, https:\/\/gebetshaus.leben-teilen.de\/wp-content\/uploads\/2019\/07\/boat-tours-3-150x150.jpg 150w, https:\/\/gebetshaus.leben-teilen.de\/wp-content\/uploads\/2019\/07\/boat-tours-3-768x768.jpg 768w, https:\/\/gebetshaus.leben-teilen.de\/wp-content\/uploads\/2019\/07\/boat-tours-3-1536x1536.jpg 1536w, https:\/\/gebetshaus.leben-teilen.de\/wp-content\/uploads\/2019\/07\/boat-tours-3-1170x1170.jpg 1170w, https:\/\/gebetshaus.leben-teilen.de\/wp-content\/uploads\/2019\/07\/boat-tours-3-992x992.jpg 992w, https:\/\/gebetshaus.leben-teilen.de\/wp-content\/uploads\/2019\/07\/boat-tours-3.jpg 1600w\" sizes=\"(max-width: 1024px) 100vw, 1024px\" \/><\/div><\/div><div class=\"wp-block-getwid-images-stack__media-wrapper\"><div class=\"wp-block-getwid-images-stack__media-inner-wrapper\"><img decoding=\"async\" width=\"1024\" height=\"691\" class=\"wp-block-getwid-images-stack__media wp-image-498\" src=\"https:\/\/themes.getmotopress.com\/luviana\/wp-content\/uploads\/sites\/27\/2019\/07\/boat-tours-2-1024x691.jpg\" data-id=\"498\" data-link=\"https:\/\/themes.getmotopress.com\/luviana\/luviana-hotel-amenities\/boat-tours-2\/\" srcset=\"https:\/\/gebetshaus.leben-teilen.de\/wp-content\/uploads\/2019\/07\/boat-tours-2-1024x691.jpg 1024w, https:\/\/gebetshaus.leben-teilen.de\/wp-content\/uploads\/2019\/07\/boat-tours-2-300x202.jpg 300w, https:\/\/gebetshaus.leben-teilen.de\/wp-content\/uploads\/2019\/07\/boat-tours-2-768x518.jpg 768w, https:\/\/gebetshaus.leben-teilen.de\/wp-content\/uploads\/2019\/07\/boat-tours-2-1536x1036.jpg 1536w, https:\/\/gebetshaus.leben-teilen.de\/wp-content\/uploads\/2019\/07\/boat-tours-2-1170x789.jpg 1170w, https:\/\/gebetshaus.leben-teilen.de\/wp-content\/uploads\/2019\/07\/boat-tours-2.jpg 1600w\" sizes=\"(max-width: 1024px) 100vw, 1024px\" \/><\/div><\/div><div class=\"wp-block-getwid-images-stack__media-wrapper\"><div class=\"wp-block-getwid-images-stack__media-inner-wrapper\"><img decoding=\"async\" width=\"1024\" height=\"689\" class=\"wp-block-getwid-images-stack__media wp-image-499\" src=\"https:\/\/themes.getmotopress.com\/luviana\/wp-content\/uploads\/sites\/27\/2019\/07\/boat-tours-1-1024x689.jpg\" data-id=\"499\" data-link=\"https:\/\/themes.getmotopress.com\/luviana\/luviana-hotel-amenities\/boat-tours-1\/\" srcset=\"https:\/\/gebetshaus.leben-teilen.de\/wp-content\/uploads\/2019\/07\/boat-tours-1-1024x689.jpg 1024w, https:\/\/gebetshaus.leben-teilen.de\/wp-content\/uploads\/2019\/07\/boat-tours-1-300x202.jpg 300w, https:\/\/gebetshaus.leben-teilen.de\/wp-content\/uploads\/2019\/07\/boat-tours-1-768x517.jpg 768w, https:\/\/gebetshaus.leben-teilen.de\/wp-content\/uploads\/2019\/07\/boat-tours-1-1536x1034.jpg 1536w, https:\/\/gebetshaus.leben-teilen.de\/wp-content\/uploads\/2019\/07\/boat-tours-1-1170x788.jpg 1170w, https:\/\/gebetshaus.leben-teilen.de\/wp-content\/uploads\/2019\/07\/boat-tours-1.jpg 1600w\" sizes=\"(max-width: 1024px) 100vw, 1024px\" \/><\/div><\/div><\/div><\/div><\/div>\n<\/div>\n<\/div>\n<\/div><\/div><\/div><\/div><\/div>\n","protected":false},"excerpt":{"rendered":"<p>Im Gebetshaus sind weitere Referenten zu Gast, die unser Seminarprogramm bereichern. Weiter finden Sie hier Informationen \u00fcber unsere Gebetstage und weitere Veranstaltungen.<\/p>\n","protected":false},"author":1,"featured_media":1082,"parent":11,"menu_order":0,"comment_status":"closed","ping_status":"closed","template":"","meta":{"inline_featured_image":false,"footnotes":""},"class_list":["post-358","page","type-page","status-publish","has-post-thumbnail","hentry"],"_links":{"self":[{"href":"https:\/\/gebetshaus.leben-teilen.de\/index.php?rest_route=\/wp\/v2\/pages\/358","targetHints":{"allow":["GET"]}}],"collection":[{"href":"https:\/\/gebetshaus.leben-teilen.de\/index.php?rest_route=\/wp\/v2\/pages"}],"about":[{"href":"https:\/\/gebetshaus.leben-teilen.de\/index.php?rest_route=\/wp\/v2\/types\/page"}],"author":[{"embeddable":true,"href":"https:\/\/gebetshaus.leben-teilen.de\/index.php?rest_route=\/wp\/v2\/users\/1"}],"replies":[{"embeddable":true,"href":"https:\/\/gebetshaus.leben-teilen.de\/index.php?rest_route=%2Fwp%2Fv2%2Fcomments&post=358"}],"version-history":[{"count":4,"href":"https:\/\/gebetshaus.leben-teilen.de\/index.php?rest_route=\/wp\/v2\/pages\/358\/revisions"}],"predecessor-version":[{"id":1322,"href":"https:\/\/gebetshaus.leben-teilen.de\/index.php?rest_route=\/wp\/v2\/pages\/358\/revisions\/1322"}],"up":[{"embeddable":true,"href":"https:\/\/gebetshaus.leben-teilen.de\/index.php?rest_route=\/wp\/v2\/pages\/11"}],"wp:featuredmedia":[{"embeddable":true,"href":"https:\/\/gebetshaus.leben-teilen.de\/index.php?rest_route=\/wp\/v2\/media\/1082"}],"wp:attachment":[{"href":"https:\/\/gebetshaus.leben-teilen.de\/index.php?rest_route=%2Fwp%2Fv2%2Fmedia&parent=358"}],"curies":[{"name":"wp","href":"https:\/\/api.w.org\/{rel}","templated":true}]}}