{"id":13,"date":"2019-06-11T09:50:44","date_gmt":"2019-06-11T09:50:44","guid":{"rendered":"https:\/\/themes.getmotopress.com\/luviana\/?page_id=13"},"modified":"2025-07-11T12:52:39","modified_gmt":"2025-07-11T12:52:39","slug":"santorini","status":"publish","type":"page","link":"https:\/\/gebetshaus.leben-teilen.de\/?page_id=13","title":{"rendered":"GOTT &#8211; hier bin ich"},"content":{"rendered":"\n<p>Wir bieten eine ganzheitliche Ausbildung zum Gebet Wir engagieren uns durch Gebet und geistlichen Kampf Wir sind ein G\u00e4stehaus f\u00fcr Erholung, Freizeit und Zur\u00fcstungs.<\/p>\n\n\n\n<!--more-->\n\n\n\n<div class=\"wp-block-getwid-section alignfull alignfull getwid-margin-top-none getwid-margin-bottom-none\"><div class=\"wp-block-getwid-section__wrapper getwid-padding-top-medium getwid-padding-bottom-none getwid-padding-left-medium getwid-padding-right-medium getwid-padding-mobile-left-small getwid-padding-mobile-right-small\"><div class=\"wp-block-getwid-section__inner-wrapper\"><div class=\"wp-block-getwid-section__background-holder\"><div class=\"wp-block-getwid-section__background\"><\/div><div class=\"wp-block-getwid-section__foreground\"><\/div><\/div><div class=\"wp-block-getwid-section__content\"><div class=\"wp-block-getwid-section__inner-content\">\n<div class=\"wp-block-columns has-2-columns is-layout-flex wp-container-core-columns-is-layout-9d6595d7 wp-block-columns-is-layout-flex\">\n<div class=\"wp-block-column is-layout-flow wp-block-column-is-layout-flow\">\n<div class=\"wp-block-getwid-advanced-heading is-style-style-1 has-custom-font-size\" style=\"font-size:12px;margin-bottom:20px\"><p class=\"wp-block-getwid-advanced-heading__content\" style=\"letter-spacing:1px\">In Zeiten der Unsicherheit, aber auch bei allt\u00e4glichen Fragestellungen und Entscheidungen, stellen wir uns die Frage:<\/p><\/div>\n\n\n\n<div class=\"wp-block-getwid-advanced-heading is-style-default\" id=\"gf05982f674d8\"><h2 class=\"wp-block-getwid-advanced-heading__content\">Was soll ich jetzt tun?<\/h2><\/div>\n\n\n\n<p>Vielleicht haben wir auch eine Idee, was wir in der Situation tun wollen, sind uns aber nicht sicher. Wir wagen es nicht, weil wir nicht wissen, ob wir das Richtige tun. Auf der Suche nach Antworten beraten wir uns mit Angeh\u00f6rigen und Freunden oder holen uns professionellen Rat bei einer Fachperson. Dar\u00fcber hinaus gibt es aber noch eine weitere grossartige M\u00f6glichkeit:<\/p>\n\n\n\n<h2 class=\"wp-block-heading\" id=\"ge13425168712\">Wir k\u00f6nnen Gott direkt fragen \u2013 zum Beispiel im h\u00f6renden Gebet!<\/h2>\n\n\n\n<p>In der Bibel finden wir eine ganze Reihe von Hinweisen, die bezeugen, dass Gott zu uns pers\u00f6nlich sprechen will. Er freut sich, wenn wir ihn um Rat fragen. Seine Antworten stimmen immer mit der Heiligen Schrift \u00fcberein, ja sie bewirken einen pers\u00f6nlichen Frieden. Sie lassen uns immer wieder den roten Faden erkennen und best\u00e4tigen weitere Schritte, die wir gehen sollen. In kleinen Gruppen von max. 4 Personen lernen wir mit Gott \u00fcber eine ganz konkrete Frage zu sprechen, seine Antwort zu erfassen und umzusetzen.<\/p>\n\n\n\n<p>Das Gespr\u00e4ch mit Gott und seine Antworten auf unsere Fragen f\u00fchren immer auch zu einer pers\u00f6nlichen Begegnung mit Gott. Diese pr\u00e4gt uns wahrscheinlich mehr als alle anderen Antworten.<\/p>\n<\/div>\n<\/div>\n\n\n\n<div style=\"height:50px\" aria-hidden=\"true\" class=\"wp-block-spacer\"><\/div>\n\n\n\n<div class=\"wp-block-columns has-2-columns is-layout-flex wp-container-core-columns-is-layout-9d6595d7 wp-block-columns-is-layout-flex\">\n<div class=\"wp-block-column is-layout-flow wp-block-column-is-layout-flow\">\n<figure class=\"wp-block-image size-large\"><img fetchpriority=\"high\" decoding=\"async\" width=\"1024\" height=\"576\" src=\"http:\/\/gebetshaus.leben-teilen.de\/wp-content\/uploads\/2025\/06\/HausimSchnee-1024x576.jpg\" alt=\"\" class=\"wp-image-1314\" srcset=\"https:\/\/gebetshaus.leben-teilen.de\/wp-content\/uploads\/2025\/06\/HausimSchnee-1024x576.jpg 1024w, https:\/\/gebetshaus.leben-teilen.de\/wp-content\/uploads\/2025\/06\/HausimSchnee-300x169.jpg 300w, https:\/\/gebetshaus.leben-teilen.de\/wp-content\/uploads\/2025\/06\/HausimSchnee-768x432.jpg 768w, https:\/\/gebetshaus.leben-teilen.de\/wp-content\/uploads\/2025\/06\/HausimSchnee-1170x658.jpg 1170w, https:\/\/gebetshaus.leben-teilen.de\/wp-content\/uploads\/2025\/06\/HausimSchnee.jpg 1280w\" sizes=\"(max-width: 1024px) 100vw, 1024px\" \/><\/figure>\n<\/div>\n\n\n\n<div class=\"wp-block-column is-layout-flow wp-block-column-is-layout-flow\">\n<figure class=\"wp-block-image size-large\"><img decoding=\"async\" width=\"1024\" height=\"576\" src=\"http:\/\/gebetshaus.leben-teilen.de\/wp-content\/uploads\/2025\/06\/Gastehaus_1280-1024x576.jpg\" alt=\"\" class=\"wp-image-1311\" srcset=\"https:\/\/gebetshaus.leben-teilen.de\/wp-content\/uploads\/2025\/06\/Gastehaus_1280-1024x576.jpg 1024w, https:\/\/gebetshaus.leben-teilen.de\/wp-content\/uploads\/2025\/06\/Gastehaus_1280-300x169.jpg 300w, https:\/\/gebetshaus.leben-teilen.de\/wp-content\/uploads\/2025\/06\/Gastehaus_1280-768x432.jpg 768w, https:\/\/gebetshaus.leben-teilen.de\/wp-content\/uploads\/2025\/06\/Gastehaus_1280-1170x658.jpg 1170w, https:\/\/gebetshaus.leben-teilen.de\/wp-content\/uploads\/2025\/06\/Gastehaus_1280.jpg 1280w\" sizes=\"(max-width: 1024px) 100vw, 1024px\" \/><\/figure>\n<\/div>\n<\/div>\n<\/div><\/div><\/div><\/div><\/div>\n\n\n\n<h2 class=\"wp-block-heading has-text-align-center\" id=\"g49e8eaa462a9\">Seminardaten<\/h2>\n\n\n\n<div class=\"wp-block-getwid-content-timeline\" data-animation=\"none\" data-filling=\"true\"><div class=\"wp-block-getwid-content-timeline__line\"><div class=\"wp-block-getwid-content-timeline__bar\"><\/div><\/div><div class=\"wp-block-getwid-content-timeline__wrapper\">\n<div class=\"wp-block-getwid-content-timeline-item\"><div class=\"wp-block-getwid-content-timeline-item__wrapper\"><div class=\"wp-block-getwid-content-timeline-item__card has-background has-gold-background-color\"><div class=\"wp-block-getwid-content-timeline-item__card-wrapper\"><div class=\"wp-block-getwid-content-timeline-item__content-wrapper\">\n<h3 class=\"wp-block-heading has-white-color has-text-color has-link-color wp-elements-81026259752bd7025ead7b244680b624\">Di 15. &#8211; Do 17. Juli 2025<\/h3>\n\n\n\n<p><\/p>\n<\/div><\/div><\/div><div class=\"wp-block-getwid-content-timeline-item__point\"><div class=\"wp-block-getwid-content-timeline-item__point-content\"><\/div><\/div><div class=\"wp-block-getwid-content-timeline-item__meta\"><\/div><\/div><\/div>\n\n\n\n<div class=\"wp-block-getwid-content-timeline-item\"><div class=\"wp-block-getwid-content-timeline-item__wrapper\"><div class=\"wp-block-getwid-content-timeline-item__card has-background has-gold-background-color\"><div class=\"wp-block-getwid-content-timeline-item__card-wrapper\"><div class=\"wp-block-getwid-content-timeline-item__content-wrapper\">\n<h3 class=\"wp-block-heading has-white-color has-text-color has-link-color wp-elements-e947edb231cd498e4fb0959c7a19746c\">Fr 25. &#8211; So 27. Juli 2025<\/h3>\n\n\n\n<p><\/p>\n<\/div><\/div><\/div><div class=\"wp-block-getwid-content-timeline-item__point\"><div class=\"wp-block-getwid-content-timeline-item__point-content\"><\/div><\/div><div class=\"wp-block-getwid-content-timeline-item__meta\"><\/div><\/div><\/div>\n\n\n\n<div class=\"wp-block-getwid-content-timeline-item\"><div class=\"wp-block-getwid-content-timeline-item__wrapper\"><div class=\"wp-block-getwid-content-timeline-item__card has-background has-gold-background-color\"><div class=\"wp-block-getwid-content-timeline-item__card-wrapper\"><div class=\"wp-block-getwid-content-timeline-item__content-wrapper\">\n<h3 class=\"wp-block-heading has-white-color has-text-color has-link-color wp-elements-0bac44174d08d14c3e236dff8ba00340\">Di 05. &#8211; Do 07. August 2025<\/h3>\n\n\n\n<p><\/p>\n<\/div><\/div><\/div><div class=\"wp-block-getwid-content-timeline-item__point\"><div class=\"wp-block-getwid-content-timeline-item__point-content\"><\/div><\/div><div class=\"wp-block-getwid-content-timeline-item__meta\"><\/div><\/div><\/div>\n\n\n\n<div class=\"wp-block-getwid-content-timeline-item\"><div class=\"wp-block-getwid-content-timeline-item__wrapper\"><div class=\"wp-block-getwid-content-timeline-item__card has-background has-gold-background-color\"><div class=\"wp-block-getwid-content-timeline-item__card-wrapper\"><div class=\"wp-block-getwid-content-timeline-item__content-wrapper\">\n<h3 class=\"wp-block-heading has-white-color has-text-color has-link-color wp-elements-82f48107b753d75b61de06aa9b449bf4\">Fr 22. &#8211; So 24. August 2025<\/h3>\n\n\n\n<p><\/p>\n<\/div><\/div><\/div><div class=\"wp-block-getwid-content-timeline-item__point\"><div class=\"wp-block-getwid-content-timeline-item__point-content\"><\/div><\/div><div class=\"wp-block-getwid-content-timeline-item__meta\"><\/div><\/div><\/div>\n\n\n\n<div class=\"wp-block-getwid-content-timeline-item\"><div class=\"wp-block-getwid-content-timeline-item__wrapper\"><div class=\"wp-block-getwid-content-timeline-item__card has-background has-gold-background-color\"><div class=\"wp-block-getwid-content-timeline-item__card-wrapper\"><div class=\"wp-block-getwid-content-timeline-item__content-wrapper\">\n<h3 class=\"wp-block-heading has-white-color has-text-color has-link-color wp-elements-56c6d5d480490b1071282e7aa2d7fb4d\">Di 09. &#8211; Do 11. September 2025<\/h3>\n\n\n\n<p><\/p>\n<\/div><\/div><\/div><div class=\"wp-block-getwid-content-timeline-item__point\"><div class=\"wp-block-getwid-content-timeline-item__point-content\"><\/div><\/div><div class=\"wp-block-getwid-content-timeline-item__meta\"><\/div><\/div><\/div>\n\n\n\n<div class=\"wp-block-getwid-content-timeline-item\"><div class=\"wp-block-getwid-content-timeline-item__wrapper\"><div class=\"wp-block-getwid-content-timeline-item__card has-background has-gold-background-color\"><div class=\"wp-block-getwid-content-timeline-item__card-wrapper\"><div class=\"wp-block-getwid-content-timeline-item__content-wrapper\">\n<h3 class=\"wp-block-heading has-white-color has-text-color has-link-color wp-elements-3967bac139e04a394efb3809aac3bb14\">\u200bDi 23. &#8211; Do 25. September 2025<\/h3>\n\n\n\n<p><\/p>\n<\/div><\/div><\/div><div class=\"wp-block-getwid-content-timeline-item__point\"><div class=\"wp-block-getwid-content-timeline-item__point-content\"><\/div><\/div><div class=\"wp-block-getwid-content-timeline-item__meta\"><\/div><\/div><\/div>\n\n\n\n<div class=\"wp-block-getwid-content-timeline-item\"><div class=\"wp-block-getwid-content-timeline-item__wrapper\"><div class=\"wp-block-getwid-content-timeline-item__card has-background has-gold-background-color\"><div class=\"wp-block-getwid-content-timeline-item__card-wrapper\"><div class=\"wp-block-getwid-content-timeline-item__content-wrapper\">\n<h3 class=\"wp-block-heading has-white-color has-text-color has-link-color wp-elements-36ba5c89756bf0d3e490bca1f209bd1c\">Di 14. &#8211; Do 16. Oktober 2025<\/h3>\n\n\n\n<p><\/p>\n<\/div><\/div><\/div><div class=\"wp-block-getwid-content-timeline-item__point\"><div class=\"wp-block-getwid-content-timeline-item__point-content\"><\/div><\/div><div class=\"wp-block-getwid-content-timeline-item__meta\"><\/div><\/div><\/div>\n\n\n\n<div class=\"wp-block-getwid-content-timeline-item\"><div class=\"wp-block-getwid-content-timeline-item__wrapper\"><div class=\"wp-block-getwid-content-timeline-item__card has-background has-gold-background-color\"><div class=\"wp-block-getwid-content-timeline-item__card-wrapper\"><div class=\"wp-block-getwid-content-timeline-item__content-wrapper\">\n<h3 class=\"wp-block-heading has-white-color has-text-color has-link-color wp-elements-767769b4a40e20ca9ed5829ecb6b1cf5\">Di 28. &#8211; Do 30. Oktober 2025<\/h3>\n\n\n\n<p><\/p>\n<\/div><\/div><\/div><div class=\"wp-block-getwid-content-timeline-item__point\"><div class=\"wp-block-getwid-content-timeline-item__point-content\"><\/div><\/div><div class=\"wp-block-getwid-content-timeline-item__meta\"><\/div><\/div><\/div>\n\n\n\n<div class=\"wp-block-getwid-content-timeline-item\"><div class=\"wp-block-getwid-content-timeline-item__wrapper\"><div class=\"wp-block-getwid-content-timeline-item__card has-background has-gold-background-color\"><div class=\"wp-block-getwid-content-timeline-item__card-wrapper\"><div class=\"wp-block-getwid-content-timeline-item__content-wrapper\">\n<h3 class=\"wp-block-heading has-white-color has-text-color has-link-color wp-elements-860c499c7a1eac1c88ea9f34b6f33aba\">Di 04. &#8211; Do 06. November 2025<\/h3>\n\n\n\n<p><\/p>\n<\/div><\/div><\/div><div class=\"wp-block-getwid-content-timeline-item__point\"><div class=\"wp-block-getwid-content-timeline-item__point-content\"><\/div><\/div><div class=\"wp-block-getwid-content-timeline-item__meta\"><\/div><\/div><\/div>\n<\/div><\/div>\n\n\n\n<div class=\"wp-block-group alignfull has-text-color has-background\" style=\"color:#000000;background-color:#ffffff\"><div class=\"wp-block-group__inner-container is-layout-flow wp-block-group-is-layout-flow\">\n<h2 class=\"wp-block-heading has-text-align-center\" id=\"schedule-a-visit\" style=\"font-size:59px;line-height:1.15\"><strong>Book now!<\/strong><\/h2>\n\n\n\n<div class=\"wp-block-buttons is-horizontal is-content-justification-center is-layout-flex wp-container-core-buttons-is-layout-499968f5 wp-block-buttons-is-layout-flex\">\n<div class=\"wp-block-button has-custom-width wp-block-button__width-50\"><a class=\"wp-block-button__link has-text-color has-background wp-element-button\" style=\"border-radius:50px;color:#ffffff;background-color:#000000\">Contact us<\/a><\/div>\n<\/div>\n\n\n\n<div style=\"height:64px\" aria-hidden=\"true\" class=\"wp-block-spacer\"><\/div>\n<\/div><\/div>\n\n\n\n<h2 class=\"wp-block-heading has-text-align-center has-medium-font-size\">Die gef\u00fchrten Tage beginnen jeweils am Anreisetag um 18.00 Uhr mit dem Abendessen und enden am Abreisetag in der Regel zwischen 12.00 und 14.00 Uhr.<\/h2>\n\n\n\n<details class=\"wp-block-details is-layout-flow wp-block-details-is-layout-flow\"><summary>TAG<br>18.00 Uhr &#8211; Gemeinsames Abendessen<br>19.30 Uhr &#8211; Einf\u00fchrung<br><code>- Individuelle Zeit, um zur Ruhe zu kommen<\/code><\/summary><\/details>\n\n\n\n<details class=\"wp-block-details is-layout-flow wp-block-details-is-layout-flow\"><summary>TAG<br>ab 08.00 Uhr &#8211; Fr\u00fchst\u00fcck<br>09.15 Uhr &#8211; Einf\u00fchrung in das h\u00f6rende Gebet \/ F\u00fcrbitte<br><code>- H\u00f6rendes Gebet f\u00fcr pers\u00f6nlichen Anliegen<\/code><\/summary>\n<p>Nachmittags &#8211; Verarbeitung des Geh\u00f6rten<\/p>\n\n\n\n<pre class=\"wp-block-code\"><code>                          - Freie Zeit f\u00fcr individuelle Bed\u00fcrfnisse<\/code><\/pre>\n\n\n\n<p>18.00 Uhr &#8211; Abendessen<\/p>\n\n\n\n<p>Abends &#8211; Verarbeitung des Geh\u00f6rten<\/p>\n\n\n\n<p>                          &#8211; Freie Zeit f\u00fcr individuelle Bed\u00fcrfnisse<\/p>\n<\/details>\n\n\n\n<details class=\"wp-block-details is-layout-flow wp-block-details-is-layout-flow\"><summary>TAG<br>ab 08.00 Uhr &#8211; Fr\u00fchst\u00fcck<br>09.15 Uhr &#8211; Austausch der Resultate<br><code>- Gemeinsames Gebet und Segnung - Abschluss mit Abendmahl<\/code><\/summary>\n<p><\/p>\n<\/details>\n","protected":false},"excerpt":{"rendered":"<p>Wir bieten eine ganzheitliche Ausbildung zum Gebet Wir engagieren uns durch Gebet und geistlichen Kampf Wir sind ein G\u00e4stehaus f\u00fcr Erholung, Freizeit und Zur\u00fcstungs.<\/p>\n","protected":false},"author":1,"featured_media":1252,"parent":11,"menu_order":0,"comment_status":"closed","ping_status":"closed","template":"","meta":{"inline_featured_image":false,"footnotes":""},"class_list":["post-13","page","type-page","status-publish","has-post-thumbnail","hentry"],"_links":{"self":[{"href":"https:\/\/gebetshaus.leben-teilen.de\/index.php?rest_route=\/wp\/v2\/pages\/13","targetHints":{"allow":["GET"]}}],"collection":[{"href":"https:\/\/gebetshaus.leben-teilen.de\/index.php?rest_route=\/wp\/v2\/pages"}],"about":[{"href":"https:\/\/gebetshaus.leben-teilen.de\/index.php?rest_route=\/wp\/v2\/types\/page"}],"author":[{"embeddable":true,"href":"https:\/\/gebetshaus.leben-teilen.de\/index.php?rest_route=\/wp\/v2\/users\/1"}],"replies":[{"embeddable":true,"href":"https:\/\/gebetshaus.leben-teilen.de\/index.php?rest_route=%2Fwp%2Fv2%2Fcomments&post=13"}],"version-history":[{"count":10,"href":"https:\/\/gebetshaus.leben-teilen.de\/index.php?rest_route=\/wp\/v2\/pages\/13\/revisions"}],"predecessor-version":[{"id":1338,"href":"https:\/\/gebetshaus.leben-teilen.de\/index.php?rest_route=\/wp\/v2\/pages\/13\/revisions\/1338"}],"up":[{"embeddable":true,"href":"https:\/\/gebetshaus.leben-teilen.de\/index.php?rest_route=\/wp\/v2\/pages\/11"}],"wp:featuredmedia":[{"embeddable":true,"href":"https:\/\/gebetshaus.leben-teilen.de\/index.php?rest_route=\/wp\/v2\/media\/1252"}],"wp:attachment":[{"href":"https:\/\/gebetshaus.leben-teilen.de\/index.php?rest_route=%2Fwp%2Fv2%2Fmedia&parent=13"}],"curies":[{"name":"wp","href":"https:\/\/api.w.org\/{rel}","templated":true}]}}